{"id":130,"date":"2025-07-13T15:27:58","date_gmt":"2025-07-13T15:27:58","guid":{"rendered":"https:\/\/lesalondelafuturemariee.fr\/?page_id=130"},"modified":"2025-07-13T15:27:58","modified_gmt":"2025-07-13T15:27:58","slug":"edition-2024","status":"publish","type":"page","link":"https:\/\/lesalondelafuturemariee.fr\/index.php\/edition-2024\/","title":{"rendered":"\u00c9dition 2024"},"content":{"rendered":"\n<p>Le samedi 9 novembre dernier, le Ch\u00e2teau du Bois Rignoux, \u00e0 La Paquelais, s\u2019est transform\u00e9 en un lieu d\u2019exception pour accueillir la toute premi\u00e8re \u00e9dition du Salon de la Future Mari\u00e9e.<\/p>\n\n\n\n<p>Cet \u00e9v\u00e9nement unique dans la r\u00e9gion a \u00e9t\u00e9 con\u00e7u pour offrir aux futures mari\u00e9es une exp\u00e9rience intimiste et sur-mesure, en collaboration avec des professionnels passionn\u00e9s et locaux.<\/p>\n\n\n\n<h2 class=\"wp-block-heading\">Une ambiance conviviale et personnalis\u00e9e<\/h2>\n\n\n\n<p>Ce salon se voulait r\u00e9solument diff\u00e9rent des \u00e9v\u00e9nements classiques. Ici, tout \u00e9tait pens\u00e9 pour permettre aux participantes de prendre le temps : essayer des robes de mari\u00e9e, tester des coiffures et maquillages, d\u00e9guster des p\u00e2tisseries et des vins, et surtout, rencontrer des prestataires locaux dans un cadre chaleureux et accueillant.<\/p>\n\n\n\n<p>Avec son ambiance intimiste et conviviale, le Salon de la Future Mari\u00e9e a permis aux visiteurs de se projeter dans leur grand jour. Un v\u00e9ritable moment privil\u00e9gi\u00e9 \u00e0 partager avec leurs proches, dans le d\u00e9cor enchanteur du ch\u00e2teau.<\/p>\n\n\n\n<h2 class=\"wp-block-heading\">Des prestataires locaux au c\u0153ur de l\u2019\u00e9v\u00e9nement<\/h2>\n\n\n\n<p>Cette premi\u00e8re \u00e9dition a rassembl\u00e9 un panel d\u2019artisans et de professionnels talentueux, chacun apportant son expertise pour accompagner les futures mari\u00e9es dans leurs pr\u00e9paratifs :<\/p>\n\n\n\n<ul class=\"wp-block-list\">\n<li>Steffie Jousset (Les Mari\u00e9s de Jade) : robes de mari\u00e9es \u00e0 domicile, dont certaines ont trouv\u00e9 leur propri\u00e9taire lors du salon !<\/li>\n\n\n\n<li>Lise (L\u2019Beauty) et Camille (CG Coiffure) : mise en beaut\u00e9 et coiffures sur-mesure.<\/li>\n\n\n\n<li>Marina (Le Temps d\u2019un G\u00e2teau) : p\u00e2tisseries \u00e9v\u00e9nementielles aussi belles que d\u00e9licieuses.<\/li>\n\n\n\n<li>Nicolas (Je vais et je vins) : d\u00e9gustation de vins de qualit\u00e9.<\/li>\n\n\n\n<li>Morgane Caulle (photographe) : immortalisation de pr\u00e9cieux souvenirs.<\/li>\n\n\n\n<li>Elie l\u2019art des fleurs : cr\u00e9ation de bijoux en fleurs naturelles.<\/li>\n\n\n\n<li>Y\u00eau Creation cr\u00e9ation de fleurs en papier.<\/li>\n\n\n\n<li>D\u00e9cor \u00c9v\u00e9nement by Audrey : art de la table.<\/li>\n\n\n\n<li>Et bien s\u00fbr, le cadre magique du Ch\u00e2teau du Bois Rignoux, sublim\u00e9 par ces talents.<\/li>\n<\/ul>\n\n\n\n<h2 class=\"wp-block-heading\">Salon de la future mari\u00e9e<\/h2>\n\n\n\n<p>Le Salon a tenu toutes ses promesses, \u00e0 la fois pour les visiteurs et les prestataires. Parmi les retours re\u00e7us, celui de Tiphaine, une future mari\u00e9e venue d\u00e9couvrir l\u2019\u00e9v\u00e9nement :<\/p>\n\n\n\n<p>\u00ab Merci pour ce chouette moment ! On a vraiment appr\u00e9ci\u00e9 de toutes vous rencontrer. \u00bb<\/p>\n\n\n\n<p>L\u2019\u00e9v\u00e9nement a \u00e9galement \u00e9t\u00e9 une belle opportunit\u00e9 pour les prestataires, comme le souligne Morgane, photographe :<\/p>\n\n\n\n<p>\u00ab Une exp\u00e9rience incroyable qui m\u2019a permis d\u2019\u00e9changer avec des futures mari\u00e9es et de pr\u00e9senter mon approche dans une ambiance conviviale. \u00bb<\/p>\n\n\n\n<p>Une 2e \u00e9dition d\u00e9j\u00e0 attendueDevant l\u2019enthousiasme suscit\u00e9 par cette premi\u00e8re \u00e9dition, une chose est s\u00fbre : le Salon de la Future Mari\u00e9e reviendra l\u2019ann\u00e9e prochaine, avec encore plus de surprises et de moments uniques. L\u2019objectif ? Continuer \u00e0 offrir aux futures mari\u00e9es une exp\u00e9rience immersive et sur-mesure pour les aider \u00e0 organiser le mariage de leurs r\u00eaves.<\/p>\n\n\n\n<p>Un immense merci \u00e0 tous les prestataires et visiteurs qui ont fait de cette journ\u00e9e un v\u00e9ritable succ\u00e8s. Nous avons h\u00e2te de vous retrouver pour une prochaine \u00e9dition encore plus inspirante !<\/p>\n","protected":false},"excerpt":{"rendered":"<p>Le samedi 9 novembre dernier, le Ch\u00e2teau du Bois Rignoux, \u00e0 La Paquelais, s\u2019est transform\u00e9 en un lieu d\u2019exception pour accueillir la toute premi\u00e8re \u00e9dition du Salon de la Future Mari\u00e9e. Cet \u00e9v\u00e9nement unique dans la r\u00e9gion a \u00e9t\u00e9 con\u00e7u pour offrir aux futures mari\u00e9es une exp\u00e9rience intimiste et sur-mesure, en collaboration avec des professionnels &hellip; <\/p>\n<p class=\"link-more\"><a href=\"https:\/\/lesalondelafuturemariee.fr\/index.php\/edition-2024\/\" class=\"more-link\">Lire la suite de<span class=\"screen-reader-text\">\u00ab\u00a0\u00c9dition 2024\u00a0\u00bb<\/span><\/a><\/p>\n","protected":false},"author":1,"featured_media":0,"parent":0,"menu_order":0,"comment_status":"closed","ping_status":"closed","template":"","meta":{"footnotes":""},"class_list":["post-130","page","type-page","status-publish","hentry"],"yoast_head":"<!-- This site is optimized with the Yoast SEO plugin v26.4 - https:\/\/yoast.com\/wordpress\/plugins\/seo\/ -->\n<title>\u00c9dition 2024 - Le Salon de la Future Mari\u00e9e | L&#039;\u00e9v\u00e9nement intimiste pour organiser votre mariage<\/title>\n<meta name=\"robots\" content=\"index, follow, max-snippet:-1, max-image-preview:large, max-video-preview:-1\" \/>\n<link rel=\"canonical\" href=\"https:\/\/lesalondelafuturemariee.fr\/index.php\/edition-2024\/\" \/>\n<meta property=\"og:locale\" content=\"fr_FR\" \/>\n<meta property=\"og:type\" content=\"article\" \/>\n<meta property=\"og:title\" content=\"\u00c9dition 2024 - Le Salon de la Future Mari\u00e9e | L&#039;\u00e9v\u00e9nement intimiste pour organiser votre mariage\" \/>\n<meta property=\"og:description\" content=\"Le samedi 9 novembre dernier, le Ch\u00e2teau du Bois Rignoux, \u00e0 La Paquelais, s\u2019est transform\u00e9 en un lieu d\u2019exception pour accueillir la toute premi\u00e8re \u00e9dition du Salon de la Future Mari\u00e9e. Cet \u00e9v\u00e9nement unique dans la r\u00e9gion a \u00e9t\u00e9 con\u00e7u pour offrir aux futures mari\u00e9es une exp\u00e9rience intimiste et sur-mesure, en collaboration avec des professionnels &hellip; Lire la suite de\u00ab\u00a0\u00c9dition 2024\u00a0\u00bb\" \/>\n<meta property=\"og:url\" content=\"https:\/\/lesalondelafuturemariee.fr\/index.php\/edition-2024\/\" \/>\n<meta property=\"og:site_name\" content=\"Le Salon de la Future Mari\u00e9e | L&#039;\u00e9v\u00e9nement intimiste pour organiser votre mariage\" \/>\n<meta property=\"article:publisher\" content=\"https:\/\/www.facebook.com\/profile.php?id=61575293342655\" \/>\n<meta name=\"twitter:card\" content=\"summary_large_image\" \/>\n<meta name=\"twitter:label1\" content=\"Dur\u00e9e de lecture estim\u00e9e\" \/>\n\t<meta name=\"twitter:data1\" content=\"3 minutes\" \/>\n<script type=\"application\/ld+json\" class=\"yoast-schema-graph\">{\"@context\":\"https:\/\/schema.org\",\"@graph\":[{\"@type\":\"WebPage\",\"@id\":\"https:\/\/lesalondelafuturemariee.fr\/index.php\/edition-2024\/\",\"url\":\"https:\/\/lesalondelafuturemariee.fr\/index.php\/edition-2024\/\",\"name\":\"\u00c9dition 2024 - Le Salon de la Future Mari\u00e9e | L&#039;\u00e9v\u00e9nement intimiste pour organiser votre mariage\",\"isPartOf\":{\"@id\":\"https:\/\/lesalondelafuturemariee.fr\/#website\"},\"datePublished\":\"2025-07-13T15:27:58+00:00\",\"breadcrumb\":{\"@id\":\"https:\/\/lesalondelafuturemariee.fr\/index.php\/edition-2024\/#breadcrumb\"},\"inLanguage\":\"fr-FR\",\"potentialAction\":[{\"@type\":\"ReadAction\",\"target\":[\"https:\/\/lesalondelafuturemariee.fr\/index.php\/edition-2024\/\"]}]},{\"@type\":\"BreadcrumbList\",\"@id\":\"https:\/\/lesalondelafuturemariee.fr\/index.php\/edition-2024\/#breadcrumb\",\"itemListElement\":[{\"@type\":\"ListItem\",\"position\":1,\"name\":\"Accueil\",\"item\":\"https:\/\/lesalondelafuturemariee.fr\/\"},{\"@type\":\"ListItem\",\"position\":2,\"name\":\"\u00c9dition 2024\"}]},{\"@type\":\"WebSite\",\"@id\":\"https:\/\/lesalondelafuturemariee.fr\/#website\",\"url\":\"https:\/\/lesalondelafuturemariee.fr\/\",\"name\":\"Le Salon de la Future Mari\u00e9e\",\"description\":\"\",\"publisher\":{\"@id\":\"https:\/\/lesalondelafuturemariee.fr\/#organization\"},\"potentialAction\":[{\"@type\":\"SearchAction\",\"target\":{\"@type\":\"EntryPoint\",\"urlTemplate\":\"https:\/\/lesalondelafuturemariee.fr\/?s={search_term_string}\"},\"query-input\":{\"@type\":\"PropertyValueSpecification\",\"valueRequired\":true,\"valueName\":\"search_term_string\"}}],\"inLanguage\":\"fr-FR\"},{\"@type\":\"Organization\",\"@id\":\"https:\/\/lesalondelafuturemariee.fr\/#organization\",\"name\":\"Le Salon de la Future Mari\u00e9e\",\"url\":\"https:\/\/lesalondelafuturemariee.fr\/\",\"logo\":{\"@type\":\"ImageObject\",\"inLanguage\":\"fr-FR\",\"@id\":\"https:\/\/lesalondelafuturemariee.fr\/#\/schema\/logo\/image\/\",\"url\":\"https:\/\/lesalondelafuturemariee.fr\/wp-content\/uploads\/2025\/07\/Logo-Blanc-2.png\",\"contentUrl\":\"https:\/\/lesalondelafuturemariee.fr\/wp-content\/uploads\/2025\/07\/Logo-Blanc-2.png\",\"width\":2271,\"height\":1833,\"caption\":\"Le Salon de la Future Mari\u00e9e\"},\"image\":{\"@id\":\"https:\/\/lesalondelafuturemariee.fr\/#\/schema\/logo\/image\/\"},\"sameAs\":[\"https:\/\/www.facebook.com\/profile.php?id=61575293342655\",\"https:\/\/www.instagram.com\/lesalondelafuturemariee\/\"]}]}<\/script>\n<!-- \/ Yoast SEO plugin. -->","yoast_head_json":{"title":"\u00c9dition 2024 - Le Salon de la Future Mari\u00e9e | L&#039;\u00e9v\u00e9nement intimiste pour organiser votre mariage","robots":{"index":"index","follow":"follow","max-snippet":"max-snippet:-1","max-image-preview":"max-image-preview:large","max-video-preview":"max-video-preview:-1"},"canonical":"https:\/\/lesalondelafuturemariee.fr\/index.php\/edition-2024\/","og_locale":"fr_FR","og_type":"article","og_title":"\u00c9dition 2024 - Le Salon de la Future Mari\u00e9e | L&#039;\u00e9v\u00e9nement intimiste pour organiser votre mariage","og_description":"Le samedi 9 novembre dernier, le Ch\u00e2teau du Bois Rignoux, \u00e0 La Paquelais, s\u2019est transform\u00e9 en un lieu d\u2019exception pour accueillir la toute premi\u00e8re \u00e9dition du Salon de la Future Mari\u00e9e. Cet \u00e9v\u00e9nement unique dans la r\u00e9gion a \u00e9t\u00e9 con\u00e7u pour offrir aux futures mari\u00e9es une exp\u00e9rience intimiste et sur-mesure, en collaboration avec des professionnels &hellip; Lire la suite de\u00ab\u00a0\u00c9dition 2024\u00a0\u00bb","og_url":"https:\/\/lesalondelafuturemariee.fr\/index.php\/edition-2024\/","og_site_name":"Le Salon de la Future Mari\u00e9e | L&#039;\u00e9v\u00e9nement intimiste pour organiser votre mariage","article_publisher":"https:\/\/www.facebook.com\/profile.php?id=61575293342655","twitter_card":"summary_large_image","twitter_misc":{"Dur\u00e9e de lecture estim\u00e9e":"3 minutes"},"schema":{"@context":"https:\/\/schema.org","@graph":[{"@type":"WebPage","@id":"https:\/\/lesalondelafuturemariee.fr\/index.php\/edition-2024\/","url":"https:\/\/lesalondelafuturemariee.fr\/index.php\/edition-2024\/","name":"\u00c9dition 2024 - Le Salon de la Future Mari\u00e9e | L&#039;\u00e9v\u00e9nement intimiste pour organiser votre mariage","isPartOf":{"@id":"https:\/\/lesalondelafuturemariee.fr\/#website"},"datePublished":"2025-07-13T15:27:58+00:00","breadcrumb":{"@id":"https:\/\/lesalondelafuturemariee.fr\/index.php\/edition-2024\/#breadcrumb"},"inLanguage":"fr-FR","potentialAction":[{"@type":"ReadAction","target":["https:\/\/lesalondelafuturemariee.fr\/index.php\/edition-2024\/"]}]},{"@type":"BreadcrumbList","@id":"https:\/\/lesalondelafuturemariee.fr\/index.php\/edition-2024\/#breadcrumb","itemListElement":[{"@type":"ListItem","position":1,"name":"Accueil","item":"https:\/\/lesalondelafuturemariee.fr\/"},{"@type":"ListItem","position":2,"name":"\u00c9dition 2024"}]},{"@type":"WebSite","@id":"https:\/\/lesalondelafuturemariee.fr\/#website","url":"https:\/\/lesalondelafuturemariee.fr\/","name":"Le Salon de la Future Mari\u00e9e","description":"","publisher":{"@id":"https:\/\/lesalondelafuturemariee.fr\/#organization"},"potentialAction":[{"@type":"SearchAction","target":{"@type":"EntryPoint","urlTemplate":"https:\/\/lesalondelafuturemariee.fr\/?s={search_term_string}"},"query-input":{"@type":"PropertyValueSpecification","valueRequired":true,"valueName":"search_term_string"}}],"inLanguage":"fr-FR"},{"@type":"Organization","@id":"https:\/\/lesalondelafuturemariee.fr\/#organization","name":"Le Salon de la Future Mari\u00e9e","url":"https:\/\/lesalondelafuturemariee.fr\/","logo":{"@type":"ImageObject","inLanguage":"fr-FR","@id":"https:\/\/lesalondelafuturemariee.fr\/#\/schema\/logo\/image\/","url":"https:\/\/lesalondelafuturemariee.fr\/wp-content\/uploads\/2025\/07\/Logo-Blanc-2.png","contentUrl":"https:\/\/lesalondelafuturemariee.fr\/wp-content\/uploads\/2025\/07\/Logo-Blanc-2.png","width":2271,"height":1833,"caption":"Le Salon de la Future Mari\u00e9e"},"image":{"@id":"https:\/\/lesalondelafuturemariee.fr\/#\/schema\/logo\/image\/"},"sameAs":["https:\/\/www.facebook.com\/profile.php?id=61575293342655","https:\/\/www.instagram.com\/lesalondelafuturemariee\/"]}]}},"_links":{"self":[{"href":"https:\/\/lesalondelafuturemariee.fr\/index.php\/wp-json\/wp\/v2\/pages\/130","targetHints":{"allow":["GET"]}}],"collection":[{"href":"https:\/\/lesalondelafuturemariee.fr\/index.php\/wp-json\/wp\/v2\/pages"}],"about":[{"href":"https:\/\/lesalondelafuturemariee.fr\/index.php\/wp-json\/wp\/v2\/types\/page"}],"author":[{"embeddable":true,"href":"https:\/\/lesalondelafuturemariee.fr\/index.php\/wp-json\/wp\/v2\/users\/1"}],"replies":[{"embeddable":true,"href":"https:\/\/lesalondelafuturemariee.fr\/index.php\/wp-json\/wp\/v2\/comments?post=130"}],"version-history":[{"count":1,"href":"https:\/\/lesalondelafuturemariee.fr\/index.php\/wp-json\/wp\/v2\/pages\/130\/revisions"}],"predecessor-version":[{"id":131,"href":"https:\/\/lesalondelafuturemariee.fr\/index.php\/wp-json\/wp\/v2\/pages\/130\/revisions\/131"}],"wp:attachment":[{"href":"https:\/\/lesalondelafuturemariee.fr\/index.php\/wp-json\/wp\/v2\/media?parent=130"}],"curies":[{"name":"wp","href":"https:\/\/api.w.org\/{rel}","templated":true}]}}